 297 + 1138 = a*f. Is f a prime number?
False
Let y(h) = -5*h**3. Suppose 0 = 14*m + 4 + 10. Let n be y(m). Suppose 0 = n*r + 10, 0 = o + 4*r - 3*r - 167. Is o a composite number?
True
Let v be (-1)/(2/(-2)) + 0 - 71. Let p be (-5)/(-15) - 92/6. Let u = p - v. Is u prime?
False
Let n = 26 - 24. Let v be (-10)/(0 - 2) - n. Let t(l) = 44*l - 5. Is t(v) a prime number?
True
Is ((-27)/(-6))/3 + (5289255/30 - 23) a composite number?
True
Let w(y) = 5 - 4 + 3 - 1 + 1259*y. Is w(1) composite?
True
Let o be (135/6 - 2) + (-57)/(-38). Is ((-50545)/o)/(1/(-2)) composite?
True
Let o = -108828 + 202561. Is o a prime number?
False
Let y be (-7 - -17)*((-3603)/2)/3. Let n = y - -9648. Is n a prime number?
True
Let t = 75 + -79. Let g(u) = -3*u**2 + 2*u - 6. Let v(i) = -4*i**2 + 2*i - 7. Let f(n) = 6*g(n) - 5*v(n). Is f(t) prime?
True
Let q(x) = -1013*x + 9. Is q(-6) prime?
False
Suppose 0 = 32*l + 26*l + 1062038. Let p = 32529 + l. Is p a prime number?
False
Let q = 184227 + -74510. Is q a prime number?
True
Suppose 5*t + 239109 = 4*g, -5*g + 5*t - 119577 = -7*g. Is g a prime number?
False
Suppose 45790 = 13*a - 11*a + 3*w, -4*a + 91592 = 3*w. Is a prime?
True
Let d = -13811 + 21122. Suppose -6*y = -3*y - 2*r - 7311, -r = 3*y - d. Is y prime?
True
Let y(z) = -26077*z**3 + 3*z**2 + 52*z + 85. Is y(-2) composite?
False
Let w(z) = 1384*z**2 - 25*z - 392. Is w(-9) composite?
True
Let c(j) = 2*j**3 - 226*j**2 + 397*j + 546. Is c(121) a composite number?
True
Let l be 1/((-1)/(-4348))*-1. Is l*(2 + (-13)/4) a prime number?
False
Let u = 95808 - -79534. Is u prime?
False
Suppose -2*n = 3*h - 1336400 + 63571, 4*h - 3*n = 1697128. Is h a composite number?
True
Suppose 6*u + 21361 = u - 4*g, -g + 4274 = -u. Let b = u - -2999. Let r = b - -3429. Is r composite?
True
Let v = -52998 + 80477. Is v a prime number?
True
Suppose 0 = j + 2*v - 7, 2*j + j = 3*v + 3. Let b(l) = 89*l**j - 5*l**2 - 186*l**3 - 7 + 92*l**3. Is b(-5) a composite number?
True
Let w(c) = 292*c**2 - 13*c - 5. Let m be 28/(-8)*40/70. Is w(m) a composite number?
True
Let s(y) = y + 22. Let t be s(-22). Let w be (-68)/(-85)*(-170)/(-4). Suppose t = -x + j + 3232, 4*j + 16121 = 5*x - w. Is x a composite number?
True
Let z(p) = -p**3 + p + 1. Let n(y) = 3*y**3 - 3*y**2 + 12*y + 2. Let g(i) = -n(i) + z(i). Is g(-5) composite?
True
Suppose 19*a - 6*a - 10699 = 0. Let n = a - -244. Is n a composite number?
True
Let q(f) = -11027*f - 4. Suppose 3*k + 2*p - 6 = 1, 2*k - 23 = -5*p. Let j be q(k). Suppose 3*z + 5*v = j, 0*v = -v + 2. Is z prime?
True
Is (-6)/(-30)*2/(-3) - (-273407)/15 a prime number?
False
Let z = -2835 + 6172. Is z composite?
True
Let c be ((-15152514)/117)/((-2)/3). Suppose -9*l + c = -8246. Is l a composite number?
False
Let h(q) = 5*q**2 + 3. Let w be h(2). Suppose r - w = 1236. Is r composite?
False
Is (-470)/(-282) + 727268/6 prime?
False
Is 39/26*(-706958)/(-21) prime?
True
Suppose 4*j + 8 = 2*j - 4*i, 5*j - 36 = 4*i. Is (j + -1)*5271 - -4 composite?
False
Suppose 2*l + 6029 = 118*n - 117*n, 5*l = 2*n - 12057. Is n a prime number?
False
Suppose -5*s + 31 = 116. Let p(w) = -213*w + 1. Let j be p(s). Let y = j - 1829. Is y composite?
True
Let w be 2/(1/(-4) - 6978/(-28104)). Let h = -80 + w. Let q = 1924 + h. Is q prime?
True
Let d(o) = 1301*o - 17. Let x be d(-13). Let u = 31539 + x. Is u a composite number?
True
Let x be 3*(-4)/16 - 887/(-4). Suppose 2*v + 3*c - c = 220, 0 = -2*v - 3*c + x. Is v composite?
False
Is (176/32 + -7)*(229727/(-3) - -3) a prime number?
True
Let i(n) = -n + 12. Let f be i(8). Suppose 0 = -3*q - 57 + 51. Is 399 - (f + 2 + q) prime?
False
Is (2363/(-85))/((-3)/795) a prime number?
False
Let b = 172 + -167. Suppose b*r - 93461 = -14*r. Is r a prime number?
True
Let t = -44814 + 84019. Is t a composite number?
True
Suppose -185 = -20*s + 55. Is (s/8)/((78/(-9004))/(-13)) prime?
True
Let i be (0 - 1)/((-88)/(-10) - 9). Suppose -5*k = i*g - 27685, 2*k - 4308 = 5*g - 32021. Is g a composite number?
True
Let w = 133 + -128. Let f be (-8)/(((-50)/(-3055))/w). Let b = f - -5803. Is b a prime number?
True
Let l(d) = 107*d - 6. Let z = -30 - -26. Let p(f) = 54*f - 3. Let b(w) = z*l(w) + 7*p(w). Is b(-6) a composite number?
True
Let t(v) = -94659*v - 2518. Is t(-7) a prime number?
False
Suppose -5*n + 30 = -0*b - b, -4*b - 3*n - 28 = 0. Let i be ((-9)/5 - -1)/(b/25). Suppose -4*l - i*l + 1554 = 0. Is l a prime number?
False
Let c be (1/4)/((-38)/(-456)). Let z be ((-90)/1)/((-2)/4). Suppose 4*s - 362 = 2*m, m = -2*s + c*m + z. Is s prime?
False
Let z be 24976/6 + 3 + 4/(-6). Let p = z - -5362. Is p prime?
False
Let h(f) = 24*f - 40. Let m be h(-3). Let d = 177 + m. Is d composite?
True
Let v = -295 + 300. Suppose 8*w + v*o - 1384 = 5*w, o = -2*w + 925. Is w a composite number?
False
Suppose 4*b - 5*b = 2*x - 44, b + 5*x = 29. Suppose -55*k - b = -58*k. Let a(i) = 106*i + 23. Is a(k) a prime number?
True
Let h(x) = 33*x**2 + 54*x + 42. Let v be h(21). Let p = v + -10880. Is p composite?
True
Is -75882*(-1)/(-12)*-2 composite?
False
Let y = 42 - 6. Suppose -37*x + 31*x = -6. Is (-18)/y*(-1403 + x) a prime number?
True
Let z(r) = 21156*r + 4045. Is z(12) composite?
True
Suppose 3*v + 89 = 437. Suppose h - x = 3*x + v, 0 = -3*x - 6. Let m = h - -479. Is m a prime number?
True
Let f = -405 - -410. Suppose -5*t + 2*r + 17175 = 0, -6851 = -2*t - 8*r + f*r. Is t composite?
False
Suppose u + 8 = -3*x, -u - 2*x = -7*x + 8. Let c be 4/u + 25/10. Suppose 2*l = c*s + 344 + 338, l = -5*s + 329. Is l a prime number?
False
Suppose 0 = -68*f + 70*f - 3388. Let u = f + 1119. Is u composite?
True
Suppose 3384 + 7364 = 4*i - 3*o, 2*i = 5*o + 5360. Let x = 1 - 7. Is i/4 + (4 - (-21)/x) composite?
False
Let g be (-1)/(4 - 13) + (-445781)/(-63). Let s = -4173 + g. Is s prime?
True
Let y(i) = -i**2 + 4*i + 4. Let c be y(4). Suppose -6 = -s + c*s. Is ((-7)/35)/(s/3310) composite?
False
Let y(b) = -b**2 - 2*b. Let m(j) = 123*j**2 - 9*j - 170. Let x(k) = m(k) + 5*y(k). Is x(-21) composite?
False
Suppose -7*t + 8 = -3*t. Suppose -54*a + 49*a + t*u + 13253 = 0, a = 4*u + 2665. Is a prime?
False
Let a(n) = n - 9. Let u be a(12). Suppose v - 5*w = -4*w + 703, -u*v = -4*w - 2106. Let p = 2923 + v. Is p a composite number?
True
Let s be (1 - 4) + 5 - 0. Suppose 3*a + 88 = s*t - a, -3*t + 5*a + 133 = 0. Suppose -2*o + 102 + t = 0. Is o a composite number?
True
Let b = 46 - 76. Let s = 35 + b. Suppose -s*p + 5391 - 521 = 0. Is p composite?
True
Suppose 51*r = 57*r - 270. Is ((-13236)/10)/((-18)/r) prime?
False
Suppose -53*x = -6*x - 47. Suppose -x = -s, -5*y - 4*s + 35020 = s. Is y prime?
False
Let c(j) = 413*j**3 - 12*j**2 + 46*j + 38. Is c(5) a composite number?
False
Is 6 + 21/((-210)/40) + 39*3089 composite?
False
Let o(q) = -447*q - 31. Let x be (16/12)/(8/(-48)). Is o(x) composite?
True
Let u = -5943 - -9580. Is u a prime number?
True
Let k(a) be the third derivative of 25*a**4/24 - 5*a**3/2 + 30*a**2. Is k(22) prime?
False
Let c be 78/21 + ((-30)/(-7) - 4). Suppose -2*f + 3*f = c*x - 2535, 2*x = -4*f + 1290. Is x a composite number?
True
Is (379618/(-6))/((-1971)/81 - -24) a composite number?
True
Let n be -2*(2 + 0 + -122). Let t(b) = 4*b**2 - 15*b - 27. Let l be t(-8). Let d = n + l. Is d prime?
False
Is ((-3383)/(-398))/(1/2018) a prime number?
False
Suppose -g - 123525 = -4*h, 0 = 5*h - 4*g - 29951 - 124458. Is h a composite number?
False
Suppose -4*o + 32 - 2 = r, -2*o + 4*r + 24 = 0. Suppose -o*u = -27797 - 89939. Is u a prime number?
True
Let l(d) = d**3 - 3*d**2 - 8*d + 21. Let u be l(4). Let i be (0/(-1))/(2 + -3). Suppose -657 = -z + 5*s, -u*z + 2*s + 2248 + 991 = i. Is z a prime number?
True
Let k = -193 + 180. Let d(l) = -2*l**3 - 15*l**2 - 11*l - 23. Is d(k) a composite number?
False
Let h be 35 + -41 - (0 + 1)*-31. Suppose 2*f - 639 = -h. Is f composite?
False
Let g(u) = -28*u**2 + 12*u + 17. Let p be g(-5). Let s = 1074 + p. Is s prime?
True
Suppose -5*p - 120658 = -s, 5*s + 144*p - 603200 = 139*p. Is s a prime number?
False
Suppose -236 = -2*x - 246, -2*x = 4*d - 1819530. Is d a composite number?
True
Let l = -75245 - -176152. Is l prime?
True
Let y(u) = -4791*u. Let r be y(2). Suppose -28443 = -13*s - 6*s - 139042. Let g = s - r. Is g a composite number?
False
Suppose 970*c - 971*